{"id":58,"date":"2023-07-31T15:02:33","date_gmt":"2023-07-31T13:02:33","guid":{"rendered":"http:\/\/192.168.2.10:8885\/?page_id=58"},"modified":"2024-06-10T17:50:59","modified_gmt":"2024-06-10T15:50:59","slug":"o-znacce-piccadilly","status":"publish","type":"page","link":"https:\/\/piccadilly.cz\/?page_id=58","title":{"rendered":"o zna\u010dce PICCADILLY"},"content":{"rendered":"\t\t<div data-elementor-type=\"wp-page\" data-elementor-id=\"58\" class=\"elementor elementor-58\">\n\t\t\t\t\t\t\t\t\t<section class=\"elementor-section elementor-top-section elementor-element elementor-element-f03db9d elementor-section-full_width elementor-section-height-default elementor-section-height-default qodef-elementor-content-no\" data-id=\"f03db9d\" data-element_type=\"section\">\n\t\t\t\t\t\t<div class=\"elementor-container elementor-column-gap-default\">\n\t\t\t\t\t<div class=\"elementor-column elementor-col-100 elementor-top-column elementor-element elementor-element-0cfee4e\" data-id=\"0cfee4e\" data-element_type=\"column\">\n\t\t\t<div class=\"elementor-widget-wrap elementor-element-populated\">\n\t\t\t\t\t\t\t\t<div class=\"elementor-element elementor-element-76b6cea elementor-widget elementor-widget-eona_core_banner\" data-id=\"76b6cea\" data-element_type=\"widget\" data-widget_type=\"eona_core_banner.default\">\n\t\t\t\t<div class=\"elementor-widget-container\">\n\t\t\t<div class=\"qodef-shortcode qodef-m  qodef-banner qodef-layout--link-overlay\">\n\t<div class=\"qodef-m-image\">\n\t<img loading=\"lazy\" decoding=\"async\" width=\"1920\" height=\"1080\" src=\"https:\/\/piccadilly.cz\/wp-content\/uploads\/2023\/07\/O-Znaccce.png\" class=\"attachment-full size-full\" alt=\"\" srcset=\"https:\/\/piccadilly.cz\/wp-content\/uploads\/2023\/07\/O-Znaccce.png 1920w, https:\/\/piccadilly.cz\/wp-content\/uploads\/2023\/07\/O-Znaccce-300x169.png 300w, https:\/\/piccadilly.cz\/wp-content\/uploads\/2023\/07\/O-Znaccce-1024x576.png 1024w, https:\/\/piccadilly.cz\/wp-content\/uploads\/2023\/07\/O-Znaccce-768x432.png 768w, https:\/\/piccadilly.cz\/wp-content\/uploads\/2023\/07\/O-Znaccce-1536x864.png 1536w\" sizes=\"(max-width: 1920px) 100vw, 1920px\" \/><\/div>\t<div class=\"qodef-m-content\">\n\t\t<div class=\"qodef-m-content-inner\">\n\t\t\t\t\t\t\t\t\t\t\t<\/div>\n\t<\/div>\n\t<a itemprop=\"url\" href=\"\" class=\"qodef-m-banner-link\" target=\"_self\"><\/a>\n<\/div>\t\t<\/div>\n\t\t\t\t<\/div>\n\t\t\t\t\t<\/div>\n\t\t<\/div>\n\t\t\t\t\t\t\t<\/div>\n\t\t<\/section>\n\t\t\t\t<section class=\"elementor-section elementor-top-section elementor-element elementor-element-f07fb18 elementor-section-boxed elementor-section-height-default elementor-section-height-default qodef-elementor-content-no\" data-id=\"f07fb18\" data-element_type=\"section\">\n\t\t\t\t\t\t<div class=\"elementor-container elementor-column-gap-default\">\n\t\t\t\t\t<div class=\"elementor-column elementor-col-100 elementor-top-column elementor-element elementor-element-4d9e6af\" data-id=\"4d9e6af\" data-element_type=\"column\">\n\t\t\t<div class=\"elementor-widget-wrap elementor-element-populated\">\n\t\t\t\t\t\t\t\t<div class=\"elementor-element elementor-element-0d7dc0a elementor-widget elementor-widget-heading\" data-id=\"0d7dc0a\" data-element_type=\"widget\" data-widget_type=\"heading.default\">\n\t\t\t\t<div class=\"elementor-widget-container\">\n\t\t\t<style>\/*! elementor - v3.14.0 - 26-06-2023 *\/\n.elementor-heading-title{padding:0;margin:0;line-height:1}.elementor-widget-heading .elementor-heading-title[class*=elementor-size-]>a{color:inherit;font-size:inherit;line-height:inherit}.elementor-widget-heading .elementor-heading-title.elementor-size-small{font-size:15px}.elementor-widget-heading .elementor-heading-title.elementor-size-medium{font-size:19px}.elementor-widget-heading .elementor-heading-title.elementor-size-large{font-size:29px}.elementor-widget-heading .elementor-heading-title.elementor-size-xl{font-size:39px}.elementor-widget-heading .elementor-heading-title.elementor-size-xxl{font-size:59px}<\/style><h3 class=\"elementor-heading-title elementor-size-default\"><span style=\"margin: 0cm; break-after: avoid; font-size: 12pt; font-family: &quot;Calibri Light&quot;, sans-serif; color: rgb(31, 55, 99); text-transform: none; white-space: normal;\"><span style=\"font-size: 20.5pt; font-family: Roboto; color: black; text-transform: uppercase;\">O ZNA\u010cC<b>E PICCADILLY<o:p><\/o:p><\/b><\/span><\/span><b><\/b><\/h3>\t\t<\/div>\n\t\t\t\t<\/div>\n\t\t\t\t<div class=\"elementor-element elementor-element-4c2f73e elementor-widget elementor-widget-text-editor\" data-id=\"4c2f73e\" data-element_type=\"widget\" data-widget_type=\"text-editor.default\">\n\t\t\t\t<div class=\"elementor-widget-container\">\n\t\t\t<style>\/*! elementor - v3.14.0 - 26-06-2023 *\/\n.elementor-widget-text-editor.elementor-drop-cap-view-stacked .elementor-drop-cap{background-color:#69727d;color:#fff}.elementor-widget-text-editor.elementor-drop-cap-view-framed .elementor-drop-cap{color:#69727d;border:3px solid;background-color:transparent}.elementor-widget-text-editor:not(.elementor-drop-cap-view-default) .elementor-drop-cap{margin-top:8px}.elementor-widget-text-editor:not(.elementor-drop-cap-view-default) .elementor-drop-cap-letter{width:1em;height:1em}.elementor-widget-text-editor .elementor-drop-cap{float:left;text-align:center;line-height:1;font-size:50px}.elementor-widget-text-editor .elementor-drop-cap-letter{display:inline-block}<\/style>\t\t\t\t<div>\n<p style=\"font-size: medium;\"><span style=\"font-family: Roboto; background-position: 0%; background-color: white;\">V\u011b\u0159\u00edme, \u017ee se ka\u017ed\u00e1<\/span><span class=\"apple-converted-space\"><span style=\"font-family: Roboto; border-width: 1pt; border-color: windowtext; padding: 0cm;\">&nbsp;<\/span><\/span><b><span style=\"font-family: Roboto; border-width: 1pt; border-color: windowtext; padding: 0cm;\">\u017eena<span class=\"apple-converted-space\">&nbsp;<\/span><\/span><\/b><span style=\"font-family: Roboto; background-position: 0%; background-color: white;\">m\u016f\u017ee c\u00edtit kr\u00e1sn\u011b a z\u00e1rove\u0148 pohodln\u011b. M\u016f\u017ee b\u00fdt sama sebou, a to v ka\u017ed\u00e9 situaci \u2013 kdy\u017e je s rodinou, pracuje nebo si vyraz\u00ed do spole\u010dnosti. Obuv brazilsk\u00e9 zna\u010dky PICCADILLY to spl\u0148uje. Kombinuje kvalitu, komfort a kr\u00e1su. \u017deny, kter\u00e9 tyto boty nos\u00ed, nemus\u00ed myslet na to, co je kde bol\u00ed, tla\u010d\u00ed nebo d\u0159e. Mohou si u\u017e\u00edvat \u017eivota bez podm\u00ednek a c\u00edtit se dob\u0159e i na vysok\u00fdch podpatc\u00edch, a to bez ohledu na v\u011bk, m\u00edsto, kde bydl\u00ed, nebo profesi.<\/span><span style=\"font-family: Roboto;\"><br><span style=\"background-position: 0%; background-color: white;\">PICCADILLY toti\u017e slu\u0161\u00ed, ned\u0159ou a d\u00fdchaj\u00ed.<\/span><\/span><span style=\"font-family: Roboto;\"><o:p><\/o:p><\/span><\/p>\n<\/div>\t\t\t\t\t\t<\/div>\n\t\t\t\t<\/div>\n\t\t\t\t<div class=\"elementor-element elementor-element-74d8031 elementor-widget elementor-widget-heading\" data-id=\"74d8031\" data-element_type=\"widget\" data-widget_type=\"heading.default\">\n\t\t\t\t<div class=\"elementor-widget-container\">\n\t\t\t<h3 class=\"elementor-heading-title elementor-size-default\">HISTORIE ZNA\u010cKY: V\u00c1\u0160E\u0147 A NOHY NA ZEMI, 64 LET HISTORIE<\/h3>\t\t<\/div>\n\t\t\t\t<\/div>\n\t\t\t\t<div class=\"elementor-element elementor-element-59935e6 elementor-widget elementor-widget-text-editor\" data-id=\"59935e6\" data-element_type=\"widget\" data-widget_type=\"text-editor.default\">\n\t\t\t\t<div class=\"elementor-widget-container\">\n\t\t\t\t\t\t\t<div><p style=\"margin-right: 0cm; margin-left: 0cm; font-size: medium; font-family: 'Times New Roman', serif; caret-color: #000000; color: #000000;\"><span style=\"font-family: Roboto; letter-spacing: 0.1pt; border-width: 1pt; border-color: windowtext; padding: 0cm;\">V roce 1955, ve m\u011bst\u011b Igrejinha na jihu Braz\u00edlie, ud\u011blal Almiro Grings prvn\u00ed krok sm\u011brem k velk\u00e9mu pr\u016fmyslu. S po\u010d\u00e1te\u010dn\u00ed produkc\u00ed 12 p\u00e1r\u016f obuvi denn\u011b byla zalo\u017eena zna\u010dka PICCADILLY na z\u00e1kladn\u00edch hodnot\u00e1ch:<span class=\"apple-converted-space\"><b>\u00a0<\/b><\/span><b>jednoduchost, up\u0159\u00edmnost, solidarita, odhodl\u00e1n\u00ed a ambice.<\/b><\/span><span style=\"font-family: Roboto; letter-spacing: 0.1pt;\"><br style=\"caret-color: #9c9c9c;\" \/><span style=\"border-width: 1pt; border-color: windowtext; padding: 0cm;\">Tato podstata s hrdost\u00ed nese dodnes ve v\u0161em, co d\u011bl\u00e1.<\/span><\/span><\/p><\/div>\t\t\t\t\t\t<\/div>\n\t\t\t\t<\/div>\n\t\t\t\t<div class=\"elementor-element elementor-element-e4931c4 elementor-widget elementor-widget-heading\" data-id=\"e4931c4\" data-element_type=\"widget\" data-widget_type=\"heading.default\">\n\t\t\t\t<div class=\"elementor-widget-container\">\n\t\t\t<h3 class=\"elementor-heading-title elementor-size-default\">Z IGREJINHY DO BRAZ\u00cdLIE. Z BRAZ\u00cdLIE DO SV\u011aTA<\/h3>\t\t<\/div>\n\t\t\t\t<\/div>\n\t\t\t\t<div class=\"elementor-element elementor-element-8648ad8 elementor-widget elementor-widget-text-editor\" data-id=\"8648ad8\" data-element_type=\"widget\" data-widget_type=\"text-editor.default\">\n\t\t\t\t<div class=\"elementor-widget-container\">\n\t\t\t\t\t\t\t<p style=\"margin-right: 0cm; margin-left: 0cm; font-size: medium; font-family: 'Times New Roman', serif; caret-color: #000000; color: #000000; letter-spacing: normal;\"><span style=\"font-family: Roboto; letter-spacing: 0.1pt; border-width: 1pt; border-color: windowtext; padding: 0cm;\">S \u00fapornou prac\u00ed a oddanost\u00ed se PICCADILLY stala glob\u00e1ln\u00ed zna\u010dkou. Dnes je uzn\u00e1v\u00e1na jako synonymum pohodl\u00ed, odolnosti, technologie, designu a m\u00f3dy.<\/span><span style=\"font-family: Roboto; letter-spacing: 0.1pt;\"><br style=\"caret-color: #9c9c9c;\" \/><span style=\"border-width: 1pt; border-color: windowtext; padding: 0cm;\">S\u00edlu PICCADILLY \u00a0potvrzuj\u00ed exkluzivn\u00ed prodejny v Braz\u00edlii (9), Rusku (1), Ekv\u00e1doru (1), Kuvajtu (11), Sa\u00fadsk\u00e9 Ar\u00e1bii (2), R\u00e9unionu (1) a Guatemale (3),<u><a style=\"color: #000000; text-decoration: underline;\" href=\"https:\/\/www.piccadillystore.cz\/\"><span class=\"apple-converted-space\"><span style=\"text-decoration: none;\">\u00a0<\/span><\/span>\u010cesk\u00e9 republice(1)<\/a><\/u><\/span><\/span><\/p>\t\t\t\t\t\t<\/div>\n\t\t\t\t<\/div>\n\t\t\t\t<div class=\"elementor-element elementor-element-cdff75c elementor-widget elementor-widget-heading\" data-id=\"cdff75c\" data-element_type=\"widget\" data-widget_type=\"heading.default\">\n\t\t\t\t<div class=\"elementor-widget-container\">\n\t\t\t<h3 class=\"elementor-heading-title elementor-size-default\"><b><span style=\"white-space: normal; font-size: 20.5pt; font-family: Roboto;\">PICCADILLY V \u010c\u00cdSLECH<\/span><\/b><\/h3>\t\t<\/div>\n\t\t\t\t<\/div>\n\t\t\t\t<div class=\"elementor-element elementor-element-b512b15 elementor-widget__width-initial elementor-widget elementor-widget-text-editor\" data-id=\"b512b15\" data-element_type=\"widget\" data-widget_type=\"text-editor.default\">\n\t\t\t\t<div class=\"elementor-widget-container\">\n\t\t\t\t\t\t\t<p style=\"margin: 0cm; font-size: medium; font-family: 'Times New Roman', serif; caret-color: #000000; color: #000000; font-style: normal; font-variant-caps: normal; font-weight: 400; letter-spacing: normal; orphans: auto; text-align: start; text-indent: 0px; text-transform: none; white-space: normal; widows: auto; word-spacing: 0px; -webkit-text-stroke-width: 0px; text-decoration: none; vertical-align: baseline;\"><strong><span style=\"font-family: Roboto; color: black; border: 1pt windowtext; padding: 0cm;\">Seznamte se s \u010d\u00edsly, kter\u00e1 \u010din\u00ed z PICCADILLY jednu z p\u0159edn\u00edch obuvnick\u00fdch spole\u010dnost\u00ed:<\/span><\/strong><\/p><p style=\"font-weight: 400;\"><style class=\"WebKit-mso-list-quirks-style\">\n<!--\n\/* Style Definitions *\/\n p.MsoNormal, li.MsoNormal, div.MsoNormal\n\t{mso-style-unhide:no;\n\tmso-style-qformat:yes;\n\tmso-style-parent:\"\";\n\tmargin:0cm;\n\tmso-pagination:widow-orphan;\n\tfont-size:12.0pt;\n\tfont-family:\"Times New Roman\",serif;\n\tmso-fareast-font-family:\"Times New Roman\";}\np\n\t{mso-style-priority:99;\n\tmso-margin-top-alt:auto;\n\tmargin-right:0cm;\n\tmso-margin-bottom-alt:auto;\n\tmargin-left:0cm;\n\tmso-pagination:widow-orphan;\n\tfont-size:12.0pt;\n\tfont-family:\"Times New Roman\",serif;\n\tmso-fareast-font-family:\"Times New Roman\";}\n.MsoChpDefault\n\t{mso-style-type:export-only;\n\tmso-default-props:yes;\n\tfont-family:\"Calibri\",sans-serif;\n\tmso-ascii-font-family:Calibri;\n\tmso-ascii-theme-font:minor-latin;\n\tmso-fareast-font-family:Calibri;\n\tmso-fareast-theme-font:minor-latin;\n\tmso-hansi-font-family:Calibri;\n\tmso-hansi-theme-font:minor-latin;\n\tmso-bidi-font-family:\"Times New Roman\";\n\tmso-bidi-theme-font:minor-bidi;}\n@page WordSection1\n\t{size:612.0pt 792.0pt;\n\tmargin:72.0pt 72.0pt 72.0pt 72.0pt;\n\tmso-header-margin:36.0pt;\n\tmso-footer-margin:36.0pt;\n\tmso-paper-source:0;}\ndiv.WordSection1\n\t{page:WordSection1;}\n \/* List Definitions *\/\n @list l0\n\t{mso-list-id:928654844;\n\tmso-list-template-ids:-633456268;}\n@list l0:level1\n\t{mso-level-number-format:bullet;\n\tmso-level-text:\uf0b7;\n\tmso-level-tab-stop:36.0pt;\n\tmso-level-number-position:left;\n\ttext-indent:-18.0pt;\n\tmso-ansi-font-size:10.0pt;\n\tfont-family:Symbol;}\n@list l0:level2\n\t{mso-level-number-format:bullet;\n\tmso-level-text:o;\n\tmso-level-tab-stop:72.0pt;\n\tmso-level-number-position:left;\n\ttext-indent:-18.0pt;\n\tmso-ansi-font-size:10.0pt;\n\tfont-family:\"Courier New\";\n\tmso-bidi-font-family:\"Times New Roman\";}\n@list l0:level3\n\t{mso-level-number-format:bullet;\n\tmso-level-text:\uf0a7;\n\tmso-level-tab-stop:108.0pt;\n\tmso-level-number-position:left;\n\ttext-indent:-18.0pt;\n\tmso-ansi-font-size:10.0pt;\n\tfont-family:Wingdings;}\n@list l0:level4\n\t{mso-level-number-format:bullet;\n\tmso-level-text:\uf0a7;\n\tmso-level-tab-stop:144.0pt;\n\tmso-level-number-position:left;\n\ttext-indent:-18.0pt;\n\tmso-ansi-font-size:10.0pt;\n\tfont-family:Wingdings;}\n@list l0:level5\n\t{mso-level-number-format:bullet;\n\tmso-level-text:\uf0a7;\n\tmso-level-tab-stop:180.0pt;\n\tmso-level-number-position:left;\n\ttext-indent:-18.0pt;\n\tmso-ansi-font-size:10.0pt;\n\tfont-family:Wingdings;}\n@list l0:level6\n\t{mso-level-number-format:bullet;\n\tmso-level-text:\uf0a7;\n\tmso-level-tab-stop:216.0pt;\n\tmso-level-number-position:left;\n\ttext-indent:-18.0pt;\n\tmso-ansi-font-size:10.0pt;\n\tfont-family:Wingdings;}\n@list l0:level7\n\t{mso-level-number-format:bullet;\n\tmso-level-text:\uf0a7;\n\tmso-level-tab-stop:252.0pt;\n\tmso-level-number-position:left;\n\ttext-indent:-18.0pt;\n\tmso-ansi-font-size:10.0pt;\n\tfont-family:Wingdings;}\n@list l0:level8\n\t{mso-level-number-format:bullet;\n\tmso-level-text:\uf0a7;\n\tmso-level-tab-stop:288.0pt;\n\tmso-level-number-position:left;\n\ttext-indent:-18.0pt;\n\tmso-ansi-font-size:10.0pt;\n\tfont-family:Wingdings;}\n@list l0:level9\n\t{mso-level-number-format:bullet;\n\tmso-level-text:\uf0a7;\n\tmso-level-tab-stop:324.0pt;\n\tmso-level-number-position:left;\n\ttext-indent:-18.0pt;\n\tmso-ansi-font-size:10.0pt;\n\tfont-family:Wingdings;}\n\n-->\n<\/style><\/p><ul style=\"margin-bottom: 0cm; color: #000000; margin-top: 0cm;\" type=\"disc\"><li class=\"MsoNormal\"><span style=\"font-family: Roboto;\">Distribuov\u00e1na ve 143 zem\u00edch na 5 kontinentech<\/span><\/li><li class=\"MsoNormal\"><span style=\"font-family: Roboto;\">29 exclusivn\u00edch koncept stor\u016f<\/span><\/li><li class=\"MsoNormal\"><span style=\"font-family: Roboto;\">V\u00edce ne\u017e 21.000 obchod\u016f<\/span><\/li><li class=\"MsoNormal\"><span style=\"font-family: Roboto;\">4 v\u00fdrobn\u00ed z\u00e1vody s v\u00fdrobn\u00ed kapacitou 35.000 p\u00e1r\u016f za den<\/span><\/li><li class=\"MsoNormal\"><span style=\"font-family: Roboto;\">30% v\u00fdroby je exportov\u00e1no<\/span><\/li><li class=\"MsoNormal\"><span style=\"font-family: Roboto;\">5. nejv\u011bt\u0161\u00ed v\u00fdroba \u017eensk\u00e9 obuvi v Braz\u00edlii<\/span><\/li><\/ul>\t\t\t\t\t\t<\/div>\n\t\t\t\t<\/div>\n\t\t\t\t<div class=\"elementor-element elementor-element-091ade0 elementor-widget elementor-widget-spacer\" data-id=\"091ade0\" data-element_type=\"widget\" data-widget_type=\"spacer.default\">\n\t\t\t\t<div class=\"elementor-widget-container\">\n\t\t\t<style>\/*! elementor - v3.14.0 - 26-06-2023 *\/\n.elementor-column .elementor-spacer-inner{height:var(--spacer-size)}.e-con{--container-widget-width:100%}.e-con-inner>.elementor-widget-spacer,.e-con>.elementor-widget-spacer{width:var(--container-widget-width,var(--spacer-size));--align-self:var(--container-widget-align-self,initial);--flex-shrink:0}.e-con-inner>.elementor-widget-spacer>.elementor-widget-container,.e-con-inner>.elementor-widget-spacer>.elementor-widget-container>.elementor-spacer,.e-con>.elementor-widget-spacer>.elementor-widget-container,.e-con>.elementor-widget-spacer>.elementor-widget-container>.elementor-spacer{height:100%}.e-con-inner>.elementor-widget-spacer>.elementor-widget-container>.elementor-spacer>.elementor-spacer-inner,.e-con>.elementor-widget-spacer>.elementor-widget-container>.elementor-spacer>.elementor-spacer-inner{height:var(--container-widget-height,var(--spacer-size))}<\/style>\t\t<div class=\"elementor-spacer\">\n\t\t\t<div class=\"elementor-spacer-inner\"><\/div>\n\t\t<\/div>\n\t\t\t\t<\/div>\n\t\t\t\t<\/div>\n\t\t\t\t<div class=\"elementor-element elementor-element-1bb8656 elementor-widget elementor-widget-heading\" data-id=\"1bb8656\" data-element_type=\"widget\" data-widget_type=\"heading.default\">\n\t\t\t\t<div class=\"elementor-widget-container\">\n\t\t\t<h2 class=\"elementor-heading-title elementor-size-default\"><span data-elementor-setting-key=\"title\" data-pen-placeholder=\"Pi\u0161te zde...\" style=\"outline-color: currentcolor; outline-style: none; font-size: 27px; color: rgb(0, 0, 0); overflow-wrap: break-word;\"><b><span style=\"white-space: normal; font-size: 20.5pt; font-family: Roboto;\">PICCADILLY DO \u010cESKA P\u0158IN\u00c1\u0160\u00cd AZA IMPORT S.r.o.<\/span><\/b><\/span><\/h2>\t\t<\/div>\n\t\t\t\t<\/div>\n\t\t\t\t\t<\/div>\n\t\t<\/div>\n\t\t\t\t\t\t\t<\/div>\n\t\t<\/section>\n\t\t\t\t<section class=\"elementor-section elementor-top-section elementor-element elementor-element-bad124c elementor-section-boxed elementor-section-height-default elementor-section-height-default qodef-elementor-content-no\" data-id=\"bad124c\" data-element_type=\"section\">\n\t\t\t\t\t\t<div class=\"elementor-container elementor-column-gap-default\">\n\t\t\t\t\t<div class=\"elementor-column elementor-col-100 elementor-top-column elementor-element elementor-element-4fb4fa6\" data-id=\"4fb4fa6\" data-element_type=\"column\">\n\t\t\t<div class=\"elementor-widget-wrap elementor-element-populated\">\n\t\t\t\t\t\t\t\t<div class=\"elementor-element elementor-element-7d43f28 elementor-widget elementor-widget-text-editor\" data-id=\"7d43f28\" data-element_type=\"widget\" data-widget_type=\"text-editor.default\">\n\t\t\t\t<div class=\"elementor-widget-container\">\n\t\t\t\t\t\t\t<p style=\"margin-top: 0cm; margin-bottom: 0cm; font-size: medium; caret-color: #000000; color: #000000;\"><b><span style=\"font-family: Roboto; border-width: 1pt; border-color: windowtext; padding: 0cm;\">AZA Import s.r.o.<\/span><\/b><span class=\"apple-converted-space\"><span style=\"font-family: Roboto;\">&nbsp;<\/span><\/span><span style=\"font-family: Roboto;\">v\u00e1m nab\u00edz\u00ed \u0161irok\u00fd sortiment d\u00e1msk\u00e9, p\u00e1nsk\u00e9, d\u011btsk\u00e9 a zdravotn\u00ed obuvi. U n\u00e1s najdete komfortn\u00ed a kvalitn\u00ed boty pro jakoukoliv p\u0159\u00edle\u017eitost a do ka\u017ed\u00e9ho po\u010das\u00ed, kter\u00e9 zaru\u010d\u00ed pohodlnou ch\u016fzi.<\/span><\/p>\n<p style=\"margin-top: 0cm; margin-bottom: 0cm; font-size: medium; color: #000000;\"><span style=\"color: var( --e-global-color-text );\"><span style=\"font-family: Roboto; color: black; border-width: 1pt; border-color: windowtext; padding: 0cm; background-position: 0%; background-color: white;\">Pro tepl\u00e9 dny a dovolenou m\u00e1me \u0161irok\u00fd v\u00fdb\u011br letn\u00edch sand\u00e1l\u016f, pantofl\u00ed a \u017eabek. Na chladn\u011bj\u0161\u00ed po\u010das\u00ed si m\u016f\u017eete vybrat z na\u0161\u00ed zimn\u00ed obuvi. Pro slavnostn\u00ed a form\u00e1ln\u00ed ud\u00e1losti jsou tu elegantn\u00ed lodi\u010dky nebo baler\u00edny. Pokud jste aktivn\u00ed a sportovn\u011b zalo\u017een\u00ed, ocen\u00edte na\u0161i bohatou nab\u00eddku gumi\u010dkov\u00fdch a sportovn\u00edch bot.<\/span><\/span><\/p><p style=\"margin-top: 0cm; margin-bottom: 0cm; font-size: medium; color: #000000;\"><span style=\"font-family: Roboto; background-color: white; caret-color: rgb(122, 122, 122);\">A pro ty, kte\u0159\u00ed \u0159e\u0161\u00ed deformity nohou, m\u00e1me p\u0159ipravenou kategorii zdravotn\u00ed obuvi, kter\u00e1 v\u00e1m nab\u00eddne vhodn\u00e9 \u0159e\u0161en\u00ed. S n\u00e1mi budete v\u017edy krok vep\u0159edu, proto\u017ee u n\u00e1s naleznete boty, kter\u00e9 spln\u00ed va\u0161e po\u017eadavky a p\u0159edstavy.<\/span><\/p>\t\t\t\t\t\t<\/div>\n\t\t\t\t<\/div>\n\t\t\t\t\t<\/div>\n\t\t<\/div>\n\t\t\t\t\t\t\t<\/div>\n\t\t<\/section>\n\t\t\t\t<section class=\"elementor-section elementor-top-section elementor-element elementor-element-a291aec elementor-section-boxed elementor-section-height-default elementor-section-height-default qodef-elementor-content-no\" data-id=\"a291aec\" data-element_type=\"section\">\n\t\t\t\t\t\t<div class=\"elementor-container elementor-column-gap-default\">\n\t\t\t\t\t<div class=\"elementor-column elementor-col-100 elementor-top-column elementor-element elementor-element-4f11055\" data-id=\"4f11055\" data-element_type=\"column\">\n\t\t\t<div class=\"elementor-widget-wrap elementor-element-populated\">\n\t\t\t\t\t\t\t\t<div class=\"elementor-element elementor-element-0c274a2 elementor-widget elementor-widget-spacer\" data-id=\"0c274a2\" data-element_type=\"widget\" data-widget_type=\"spacer.default\">\n\t\t\t\t<div class=\"elementor-widget-container\">\n\t\t\t\t\t<div class=\"elementor-spacer\">\n\t\t\t<div class=\"elementor-spacer-inner\"><\/div>\n\t\t<\/div>\n\t\t\t\t<\/div>\n\t\t\t\t<\/div>\n\t\t\t\t\t<\/div>\n\t\t<\/div>\n\t\t\t\t\t\t\t<\/div>\n\t\t<\/section>\n\t\t\t\t<section class=\"elementor-section elementor-top-section elementor-element elementor-element-d085971 elementor-section-boxed elementor-section-height-default elementor-section-height-default qodef-elementor-content-no\" data-id=\"d085971\" data-element_type=\"section\">\n\t\t\t\t\t\t<div class=\"elementor-container elementor-column-gap-default\">\n\t\t\t\t\t<div class=\"elementor-column elementor-col-100 elementor-top-column elementor-element elementor-element-7fa0c4d\" data-id=\"7fa0c4d\" data-element_type=\"column\">\n\t\t\t<div class=\"elementor-widget-wrap elementor-element-populated\">\n\t\t\t\t\t\t\t\t<div class=\"elementor-element elementor-element-ed9316d elementor-widget elementor-widget-heading\" data-id=\"ed9316d\" data-element_type=\"widget\" data-widget_type=\"heading.default\">\n\t\t\t\t<div class=\"elementor-widget-container\">\n\t\t\t<h3 class=\"elementor-heading-title elementor-size-default\"><span align=\"center\" style=\"margin: 0cm; break-after: avoid; font-size: 12pt; font-family: &quot;Calibri Light&quot;, sans-serif; color: rgb(31, 55, 99); font-weight: normal; text-transform: none; white-space: normal;\"><b><span style=\"font-size: 20.5pt; font-family: Roboto; color: black; text-transform: uppercase;\">PICCADILLY JE OFICI\u00c1LN\u00cd DODAVATEL OBUVI P\u0158EDN\u00cdCh LETECK\u00ddCH SPOLE\u010cNOST\u00cd.<\/span><\/b><\/span><\/h3>\t\t<\/div>\n\t\t\t\t<\/div>\n\t\t\t\t\t<\/div>\n\t\t<\/div>\n\t\t\t\t\t\t\t<\/div>\n\t\t<\/section>\n\t\t\t\t\t\t\t<\/div>\n\t\t","protected":false},"excerpt":{"rendered":"<p>O ZNA\u010cCE PICCADILLY V\u011b\u0159\u00edme, \u017ee se ka\u017ed\u00e1&nbsp;\u017eena&nbsp;m\u016f\u017ee c\u00edtit kr\u00e1sn\u011b a z\u00e1rove\u0148 pohodln\u011b. M\u016f\u017ee b\u00fdt sama sebou, a to v ka\u017ed\u00e9 situaci \u2013 kdy\u017e je s rodinou, pracuje nebo si vyraz\u00ed do spole\u010dnosti. Obuv brazilsk\u00e9 zna\u010dky PICCADILLY to spl\u0148uje. Kombinuje kvalitu, komfort a kr\u00e1su. \u017deny, kter\u00e9 tyto boty nos\u00ed, nemus\u00ed myslet na to, co je kde [&hellip;]<\/p>\n","protected":false},"author":1,"featured_media":0,"parent":0,"menu_order":0,"comment_status":"closed","ping_status":"closed","template":"page-full-width.php","meta":{"footnotes":""},"_links":{"self":[{"href":"https:\/\/piccadilly.cz\/index.php?rest_route=\/wp\/v2\/pages\/58"}],"collection":[{"href":"https:\/\/piccadilly.cz\/index.php?rest_route=\/wp\/v2\/pages"}],"about":[{"href":"https:\/\/piccadilly.cz\/index.php?rest_route=\/wp\/v2\/types\/page"}],"author":[{"embeddable":true,"href":"https:\/\/piccadilly.cz\/index.php?rest_route=\/wp\/v2\/users\/1"}],"replies":[{"embeddable":true,"href":"https:\/\/piccadilly.cz\/index.php?rest_route=%2Fwp%2Fv2%2Fcomments&post=58"}],"version-history":[{"count":81,"href":"https:\/\/piccadilly.cz\/index.php?rest_route=\/wp\/v2\/pages\/58\/revisions"}],"predecessor-version":[{"id":449,"href":"https:\/\/piccadilly.cz\/index.php?rest_route=\/wp\/v2\/pages\/58\/revisions\/449"}],"wp:attachment":[{"href":"https:\/\/piccadilly.cz\/index.php?rest_route=%2Fwp%2Fv2%2Fmedia&parent=58"}],"curies":[{"name":"wp","href":"https:\/\/api.w.org\/{rel}","templated":true}]}}