{"id":29,"date":"2023-07-31T14:31:58","date_gmt":"2023-07-31T12:31:58","guid":{"rendered":"http:\/\/192.168.2.10:8885\/?page_id=29"},"modified":"2024-03-09T21:50:32","modified_gmt":"2024-03-09T20:50:32","slug":"kontakty","status":"publish","type":"page","link":"https:\/\/piccadilly.cz\/?page_id=29","title":{"rendered":"kontakty"},"content":{"rendered":"\t\t<div data-elementor-type=\"wp-page\" data-elementor-id=\"29\" class=\"elementor elementor-29\">\n\t\t\t\t\t\t\t\t\t<section class=\"elementor-section elementor-top-section elementor-element elementor-element-12a7200 elementor-section-boxed elementor-section-height-default elementor-section-height-default qodef-elementor-content-no\" data-id=\"12a7200\" data-element_type=\"section\">\n\t\t\t\t\t\t<div class=\"elementor-container elementor-column-gap-default\">\n\t\t\t\t\t<div class=\"elementor-column elementor-col-100 elementor-top-column elementor-element elementor-element-d1598b3\" data-id=\"d1598b3\" data-element_type=\"column\">\n\t\t\t<div class=\"elementor-widget-wrap elementor-element-populated\">\n\t\t\t\t\t\t\t\t<div class=\"elementor-element elementor-element-5676921 elementor-widget elementor-widget-heading\" data-id=\"5676921\" data-element_type=\"widget\" data-widget_type=\"heading.default\">\n\t\t\t\t<div class=\"elementor-widget-container\">\n\t\t\t<style>\/*! elementor - v3.14.0 - 26-06-2023 *\/\n.elementor-heading-title{padding:0;margin:0;line-height:1}.elementor-widget-heading .elementor-heading-title[class*=elementor-size-]>a{color:inherit;font-size:inherit;line-height:inherit}.elementor-widget-heading .elementor-heading-title.elementor-size-small{font-size:15px}.elementor-widget-heading .elementor-heading-title.elementor-size-medium{font-size:19px}.elementor-widget-heading .elementor-heading-title.elementor-size-large{font-size:29px}.elementor-widget-heading .elementor-heading-title.elementor-size-xl{font-size:39px}.elementor-widget-heading .elementor-heading-title.elementor-size-xxl{font-size:59px}<\/style><h2 class=\"elementor-heading-title elementor-size-default\"><span align=\"center\" style=\"margin: 0cm; break-after: avoid; font-size: 13pt; font-family: &quot;Calibri Light&quot;, sans-serif; color: rgb(47, 84, 150); font-weight: normal; text-transform: none; white-space: normal;\"><b><span style=\"font-size: 28.5pt; font-family: Roboto; color: black; text-transform: uppercase;\">KONTAKTY<o:p><\/o:p><\/span><\/b><\/span><\/h2>\t\t<\/div>\n\t\t\t\t<\/div>\n\t\t\t\t<div class=\"elementor-element elementor-element-f31b333 elementor-widget elementor-widget-text-editor\" data-id=\"f31b333\" data-element_type=\"widget\" data-widget_type=\"text-editor.default\">\n\t\t\t\t<div class=\"elementor-widget-container\">\n\t\t\t<style>\/*! elementor - v3.14.0 - 26-06-2023 *\/\n.elementor-widget-text-editor.elementor-drop-cap-view-stacked .elementor-drop-cap{background-color:#69727d;color:#fff}.elementor-widget-text-editor.elementor-drop-cap-view-framed .elementor-drop-cap{color:#69727d;border:3px solid;background-color:transparent}.elementor-widget-text-editor:not(.elementor-drop-cap-view-default) .elementor-drop-cap{margin-top:8px}.elementor-widget-text-editor:not(.elementor-drop-cap-view-default) .elementor-drop-cap-letter{width:1em;height:1em}.elementor-widget-text-editor .elementor-drop-cap{float:left;text-align:center;line-height:1;font-size:50px}.elementor-widget-text-editor .elementor-drop-cap-letter{display:inline-block}<\/style>\t\t\t\t<p style=\"font-weight: 400; text-align: left;\"><span style=\"color: #000000;\">Objevte v\u00fdjime\u010dnost brazilsk\u00e9 obuvi zna\u010dky Piccadilly a dop\u0159ejte sv\u00fdm noh\u00e1m sv\u00fdch dokonal\u00fd komfort a p\u00e9\u010di, kterou si zaslou\u017e\u00ed.\u00a0Spole\u010dnost AZA IMPORT s.r.o. m\u00e1 tu \u010dest dov\u00e1\u017eet a prod\u00e1vat zna\u010dku a produkty Piccadilly, aby v\u00e1m p\u0159inesla ty nejlep\u0161\u00ed zna\u010dky do Va\u0161ich obchod\u016f.<\/span><\/p><p style=\"text-align: left;\"><span style=\"color: #000000;\">Ucelen\u00fd katalog a nab\u00eddku spole\u010dnosti AZA Import s.r.o naleznete <a style=\"color: #000000;\" href=\"http:\/\/www.azaobuv.cz\"><b><u>zde<\/u><\/b><\/a><\/span><\/p>\t\t\t\t\t\t<\/div>\n\t\t\t\t<\/div>\n\t\t\t\t<div class=\"elementor-element elementor-element-94c743e elementor-widget-divider--view-line elementor-widget elementor-widget-divider\" data-id=\"94c743e\" data-element_type=\"widget\" data-widget_type=\"divider.default\">\n\t\t\t\t<div class=\"elementor-widget-container\">\n\t\t\t<style>\/*! elementor - v3.14.0 - 26-06-2023 *\/\n.elementor-widget-divider{--divider-border-style:none;--divider-border-width:1px;--divider-color:#0c0d0e;--divider-icon-size:20px;--divider-element-spacing:10px;--divider-pattern-height:24px;--divider-pattern-size:20px;--divider-pattern-url:none;--divider-pattern-repeat:repeat-x}.elementor-widget-divider .elementor-divider{display:flex}.elementor-widget-divider .elementor-divider__text{font-size:15px;line-height:1;max-width:95%}.elementor-widget-divider .elementor-divider__element{margin:0 var(--divider-element-spacing);flex-shrink:0}.elementor-widget-divider .elementor-icon{font-size:var(--divider-icon-size)}.elementor-widget-divider .elementor-divider-separator{display:flex;margin:0;direction:ltr}.elementor-widget-divider--view-line_icon .elementor-divider-separator,.elementor-widget-divider--view-line_text .elementor-divider-separator{align-items:center}.elementor-widget-divider--view-line_icon .elementor-divider-separator:after,.elementor-widget-divider--view-line_icon .elementor-divider-separator:before,.elementor-widget-divider--view-line_text .elementor-divider-separator:after,.elementor-widget-divider--view-line_text .elementor-divider-separator:before{display:block;content:\"\";border-bottom:0;flex-grow:1;border-top:var(--divider-border-width) var(--divider-border-style) var(--divider-color)}.elementor-widget-divider--element-align-left .elementor-divider .elementor-divider-separator>.elementor-divider__svg:first-of-type{flex-grow:0;flex-shrink:100}.elementor-widget-divider--element-align-left .elementor-divider-separator:before{content:none}.elementor-widget-divider--element-align-left .elementor-divider__element{margin-left:0}.elementor-widget-divider--element-align-right .elementor-divider .elementor-divider-separator>.elementor-divider__svg:last-of-type{flex-grow:0;flex-shrink:100}.elementor-widget-divider--element-align-right .elementor-divider-separator:after{content:none}.elementor-widget-divider--element-align-right .elementor-divider__element{margin-right:0}.elementor-widget-divider:not(.elementor-widget-divider--view-line_text):not(.elementor-widget-divider--view-line_icon) .elementor-divider-separator{border-top:var(--divider-border-width) var(--divider-border-style) var(--divider-color)}.elementor-widget-divider--separator-type-pattern{--divider-border-style:none}.elementor-widget-divider--separator-type-pattern.elementor-widget-divider--view-line .elementor-divider-separator,.elementor-widget-divider--separator-type-pattern:not(.elementor-widget-divider--view-line) .elementor-divider-separator:after,.elementor-widget-divider--separator-type-pattern:not(.elementor-widget-divider--view-line) .elementor-divider-separator:before,.elementor-widget-divider--separator-type-pattern:not([class*=elementor-widget-divider--view]) .elementor-divider-separator{width:100%;min-height:var(--divider-pattern-height);-webkit-mask-size:var(--divider-pattern-size) 100%;mask-size:var(--divider-pattern-size) 100%;-webkit-mask-repeat:var(--divider-pattern-repeat);mask-repeat:var(--divider-pattern-repeat);background-color:var(--divider-color);-webkit-mask-image:var(--divider-pattern-url);mask-image:var(--divider-pattern-url)}.elementor-widget-divider--no-spacing{--divider-pattern-size:auto}.elementor-widget-divider--bg-round{--divider-pattern-repeat:round}.rtl .elementor-widget-divider .elementor-divider__text{direction:rtl}.e-con-inner>.elementor-widget-divider,.e-con>.elementor-widget-divider{width:var(--container-widget-width,100%);--flex-grow:var(--container-widget-flex-grow)}<\/style>\t\t<div class=\"elementor-divider\">\n\t\t\t<span class=\"elementor-divider-separator\">\n\t\t\t\t\t\t<\/span>\n\t\t<\/div>\n\t\t\t\t<\/div>\n\t\t\t\t<\/div>\n\t\t\t\t<div class=\"elementor-element elementor-element-0fa1e97 elementor-widget elementor-widget-spacer\" data-id=\"0fa1e97\" data-element_type=\"widget\" data-widget_type=\"spacer.default\">\n\t\t\t\t<div class=\"elementor-widget-container\">\n\t\t\t<style>\/*! elementor - v3.14.0 - 26-06-2023 *\/\n.elementor-column .elementor-spacer-inner{height:var(--spacer-size)}.e-con{--container-widget-width:100%}.e-con-inner>.elementor-widget-spacer,.e-con>.elementor-widget-spacer{width:var(--container-widget-width,var(--spacer-size));--align-self:var(--container-widget-align-self,initial);--flex-shrink:0}.e-con-inner>.elementor-widget-spacer>.elementor-widget-container,.e-con-inner>.elementor-widget-spacer>.elementor-widget-container>.elementor-spacer,.e-con>.elementor-widget-spacer>.elementor-widget-container,.e-con>.elementor-widget-spacer>.elementor-widget-container>.elementor-spacer{height:100%}.e-con-inner>.elementor-widget-spacer>.elementor-widget-container>.elementor-spacer>.elementor-spacer-inner,.e-con>.elementor-widget-spacer>.elementor-widget-container>.elementor-spacer>.elementor-spacer-inner{height:var(--container-widget-height,var(--spacer-size))}<\/style>\t\t<div class=\"elementor-spacer\">\n\t\t\t<div class=\"elementor-spacer-inner\"><\/div>\n\t\t<\/div>\n\t\t\t\t<\/div>\n\t\t\t\t<\/div>\n\t\t\t\t\t<\/div>\n\t\t<\/div>\n\t\t\t\t\t\t\t<\/div>\n\t\t<\/section>\n\t\t\t\t<section class=\"elementor-section elementor-top-section elementor-element elementor-element-8d3aa3b elementor-section-boxed elementor-section-height-default elementor-section-height-default qodef-elementor-content-no\" data-id=\"8d3aa3b\" data-element_type=\"section\">\n\t\t\t\t\t\t<div class=\"elementor-container elementor-column-gap-default\">\n\t\t\t\t\t<div class=\"elementor-column elementor-col-50 elementor-top-column elementor-element elementor-element-47d6763\" data-id=\"47d6763\" data-element_type=\"column\">\n\t\t\t<div class=\"elementor-widget-wrap elementor-element-populated\">\n\t\t\t\t\t\t\t\t<div class=\"elementor-element elementor-element-426e81d elementor-widget elementor-widget-text-editor\" data-id=\"426e81d\" data-element_type=\"widget\" data-widget_type=\"text-editor.default\">\n\t\t\t\t<div class=\"elementor-widget-container\">\n\t\t\t\t\t\t\t<h5 style=\"text-align: right;\">Majitel distribu\u010dn\u00ed spole\u010dnosti AZA Import<\/h5><p style=\"text-align: right;\"><b>Ing. Jaroslav \u010cesal <\/b><br \/>+420 608 120 161 <br \/><a href=\"mailto:obchod@azaimport.cz\">obchod@azaimport.cz<\/a><\/p>\t\t\t\t\t\t<\/div>\n\t\t\t\t<\/div>\n\t\t\t\t\t<\/div>\n\t\t<\/div>\n\t\t\t\t<div class=\"elementor-column elementor-col-50 elementor-top-column elementor-element elementor-element-66706e5\" data-id=\"66706e5\" data-element_type=\"column\">\n\t\t\t<div class=\"elementor-widget-wrap elementor-element-populated\">\n\t\t\t\t\t\t\t\t<div class=\"elementor-element elementor-element-4028da6 elementor-widget elementor-widget-text-editor\" data-id=\"4028da6\" data-element_type=\"widget\" data-widget_type=\"text-editor.default\">\n\t\t\t\t<div class=\"elementor-widget-container\">\n\t\t\t\t\t\t\t<h5>Obchodn\u00ed z\u00e1stupce pro zna\u010dku PICCADILLY<\/h5><p><b>V\u011bra Prost\u00e1<\/b> <br \/>+420 777 725 757<br \/><a href=\"mailto:v.prosta@azaimport.cz\">v.prosta@azaimport.cz<\/a><\/p>\t\t\t\t\t\t<\/div>\n\t\t\t\t<\/div>\n\t\t\t\t\t<\/div>\n\t\t<\/div>\n\t\t\t\t\t\t\t<\/div>\n\t\t<\/section>\n\t\t\t\t<section class=\"elementor-section elementor-top-section elementor-element elementor-element-a04f8d9 elementor-section-boxed elementor-section-height-default elementor-section-height-default qodef-elementor-content-no\" data-id=\"a04f8d9\" data-element_type=\"section\">\n\t\t\t\t\t\t<div class=\"elementor-container elementor-column-gap-default\">\n\t\t\t\t\t<div class=\"elementor-column elementor-col-50 elementor-top-column elementor-element elementor-element-25a1d6d\" data-id=\"25a1d6d\" data-element_type=\"column\">\n\t\t\t<div class=\"elementor-widget-wrap elementor-element-populated\">\n\t\t\t\t\t\t\t\t<div class=\"elementor-element elementor-element-3c997c5 elementor-widget elementor-widget-text-editor\" data-id=\"3c997c5\" data-element_type=\"widget\" data-widget_type=\"text-editor.default\">\n\t\t\t\t<div class=\"elementor-widget-container\">\n\t\t\t\t\t\t\t<p style=\"text-align: right;\"><span style=\"text-align: right; background-color: #ffffff;\">\u00a0 \u00a0 \u00a0 \u00a0 \u00a0 \u00a0 \u00a0 \u00a0 \u00a0 \u00a0 \u00a0 \u00a0 \u00a0 <span style=\"color: #000000;\">AZA Import s.r.o.<\/span><\/span><br style=\"text-align: left;\" \/><span style=\"text-align: left; background-color: #ffffff;\">Koterovsk\u00e1 503<br \/>326 00 Plze\u0148 &#8211; Slovany\u00a0<br \/><\/span><a style=\"text-align: left;\" href=\"mailto:obchod@azaimport.cz\">obchod@azaimport.cz<\/a><\/p>\t\t\t\t\t\t<\/div>\n\t\t\t\t<\/div>\n\t\t\t\t\t<\/div>\n\t\t<\/div>\n\t\t\t\t<div class=\"elementor-column elementor-col-50 elementor-top-column elementor-element elementor-element-f504dde\" data-id=\"f504dde\" data-element_type=\"column\">\n\t\t\t<div class=\"elementor-widget-wrap elementor-element-populated\">\n\t\t\t\t\t\t\t\t<div class=\"elementor-element elementor-element-0817f07 elementor-widget elementor-widget-google_maps\" data-id=\"0817f07\" data-element_type=\"widget\" data-widget_type=\"google_maps.default\">\n\t\t\t\t<div class=\"elementor-widget-container\">\n\t\t\t<style>\/*! elementor - v3.14.0 - 26-06-2023 *\/\n.elementor-widget-google_maps .elementor-widget-container{overflow:hidden}.elementor-widget-google_maps .elementor-custom-embed{line-height:0}.elementor-widget-google_maps iframe{height:300px}<\/style>\t\t<div class=\"elementor-custom-embed\">\n\t\t\t<iframe loading=\"lazy\"\n\t\t\t\t\tsrc=\"https:\/\/maps.google.com\/maps?q=AZA%20Import%2C%20Koterovsk%C3%A1%20503%2C%20Plze%C5%88%2C%20%C4%8Cesk%C3%A1%20republika&#038;t=m&#038;z=11&#038;output=embed&#038;iwloc=near\"\n\t\t\t\t\ttitle=\"AZA Import, Koterovsk\u00e1 503, Plze\u0148, \u010cesk\u00e1 republika\"\n\t\t\t\t\taria-label=\"AZA Import, Koterovsk\u00e1 503, Plze\u0148, \u010cesk\u00e1 republika\"\n\t\t\t><\/iframe>\n\t\t<\/div>\n\t\t\t\t<\/div>\n\t\t\t\t<\/div>\n\t\t\t\t\t<\/div>\n\t\t<\/div>\n\t\t\t\t\t\t\t<\/div>\n\t\t<\/section>\n\t\t\t\t<section class=\"elementor-section elementor-top-section elementor-element elementor-element-59205a4 elementor-section-boxed elementor-section-height-default elementor-section-height-default qodef-elementor-content-no\" data-id=\"59205a4\" data-element_type=\"section\">\n\t\t\t\t\t\t<div class=\"elementor-container elementor-column-gap-default\">\n\t\t\t\t\t<div class=\"elementor-column elementor-col-33 elementor-top-column elementor-element elementor-element-2c8f285\" data-id=\"2c8f285\" data-element_type=\"column\">\n\t\t\t<div class=\"elementor-widget-wrap elementor-element-populated\">\n\t\t\t\t\t\t\t\t<div class=\"elementor-element elementor-element-bdca161 elementor-align-center elementor-widget elementor-widget-button\" data-id=\"bdca161\" data-element_type=\"widget\" data-widget_type=\"button.default\">\n\t\t\t\t<div class=\"elementor-widget-container\">\n\t\t\t\t\t<div class=\"elementor-button-wrapper\">\n\t\t\t<a class=\"elementor-button elementor-button-link elementor-size-sm\" href=\"http:\/\/www.azaobuv.cz\" target=\"_blank\">\n\t\t\t\t\t\t<span class=\"elementor-button-content-wrapper\">\n\t\t\t\t\t\t<span class=\"elementor-button-icon elementor-align-icon-left\">\n\t\t\t\t<i aria-hidden=\"true\" class=\"far fa-hand-point-right\"><\/i>\t\t\t<\/span>\n\t\t\t\t\t\t<span class=\"elementor-button-text\">web AZA Import<\/span>\n\t\t<\/span>\n\t\t\t\t\t<\/a>\n\t\t<\/div>\n\t\t\t\t<\/div>\n\t\t\t\t<\/div>\n\t\t\t\t\t<\/div>\n\t\t<\/div>\n\t\t\t\t<div class=\"elementor-column elementor-col-33 elementor-top-column elementor-element elementor-element-9dbd701\" data-id=\"9dbd701\" data-element_type=\"column\">\n\t\t\t<div class=\"elementor-widget-wrap elementor-element-populated\">\n\t\t\t\t\t\t\t\t<div class=\"elementor-element elementor-element-93d9021 elementor-view-default elementor-widget elementor-widget-icon\" data-id=\"93d9021\" data-element_type=\"widget\" data-widget_type=\"icon.default\">\n\t\t\t\t<div class=\"elementor-widget-container\">\n\t\t\t\t\t<div class=\"elementor-icon-wrapper\">\n\t\t\t<a class=\"elementor-icon\" href=\"https:\/\/www.facebook.com\/PiccadillyCesko\" target=\"_blank\">\n\t\t\t<i aria-hidden=\"true\" class=\"fab fa-facebook-square\"><\/i>\t\t\t<\/a>\n\t\t<\/div>\n\t\t\t\t<\/div>\n\t\t\t\t<\/div>\n\t\t\t\t\t<\/div>\n\t\t<\/div>\n\t\t\t\t<div class=\"elementor-column elementor-col-33 elementor-top-column elementor-element elementor-element-ca68e0e\" data-id=\"ca68e0e\" data-element_type=\"column\">\n\t\t\t<div class=\"elementor-widget-wrap elementor-element-populated\">\n\t\t\t\t\t\t\t\t<div class=\"elementor-element elementor-element-2fc3746 elementor-view-default elementor-widget elementor-widget-icon\" data-id=\"2fc3746\" data-element_type=\"widget\" data-widget_type=\"icon.default\">\n\t\t\t\t<div class=\"elementor-widget-container\">\n\t\t\t\t\t<div class=\"elementor-icon-wrapper\">\n\t\t\t<a class=\"elementor-icon\" href=\"https:\/\/www.instagram.com\/piccadilly.cesko\" target=\"_blank\">\n\t\t\t<i aria-hidden=\"true\" class=\"fab fa-instagram\"><\/i>\t\t\t<\/a>\n\t\t<\/div>\n\t\t\t\t<\/div>\n\t\t\t\t<\/div>\n\t\t\t\t\t<\/div>\n\t\t<\/div>\n\t\t\t\t\t\t\t<\/div>\n\t\t<\/section>\n\t\t\t\t<section class=\"elementor-section elementor-top-section elementor-element elementor-element-9606f16 elementor-section-boxed elementor-section-height-default elementor-section-height-default qodef-elementor-content-no\" data-id=\"9606f16\" data-element_type=\"section\">\n\t\t\t\t\t\t<div class=\"elementor-container elementor-column-gap-default\">\n\t\t\t\t\t<div class=\"elementor-column elementor-col-100 elementor-top-column elementor-element elementor-element-2d7e27e\" data-id=\"2d7e27e\" data-element_type=\"column\">\n\t\t\t<div class=\"elementor-widget-wrap elementor-element-populated\">\n\t\t\t\t\t\t\t\t<div class=\"elementor-element elementor-element-4ecf58b elementor-widget elementor-widget-text-editor\" data-id=\"4ecf58b\" data-element_type=\"widget\" data-widget_type=\"text-editor.default\">\n\t\t\t\t<div class=\"elementor-widget-container\">\n\t\t\t\t\t\t\t<p><span style=\"color: #000000;\"><b>AZA Import s.r.o.<\/b> v\u00e1m nab\u00edz\u00ed \u0161irok\u00fd sortiment d\u00e1msk\u00e9, p\u00e1nsk\u00e9, d\u011btsk\u00e9 a zdravotn\u00ed obuvi. U n\u00e1s najdete komfortn\u00ed a kvalitn\u00ed boty pro jakoukoliv p\u0159\u00edle\u017eitost a do ka\u017ed\u00e9ho po\u010das\u00ed, kter\u00e9 zaru\u010d\u00ed pohodlnou ch\u016fzi.<\/span><\/p><p><span style=\"background-color: #ffffff; color: #000000; font-family: var( --e-global-typography-text-font-family ), Sans-serif;\">Pro tepl\u00e9 dny a dovolenou m\u00e1me \u0161irok\u00fd v\u00fdb\u011br letn\u00edch sand\u00e1l\u016f, pantofl\u00ed a \u017eabek. Na chladn\u011bj\u0161\u00ed po\u010das\u00ed si m\u016f\u017eete vybrat z na\u0161\u00ed zimn\u00ed obuvi. Pro slavnostn\u00ed a form\u00e1ln\u00ed ud\u00e1losti jsou tu elegantn\u00ed lodi\u010dky nebo baler\u00edny. Pokud jste aktivn\u00ed a sportovn\u011b zalo\u017een\u00ed, ocen\u00edte na\u0161i bohatou nab\u00eddku gumi\u010dkov\u00fdch a sportovn\u00edch bot.<\/span><\/p><p><span style=\"background-color: #ffffff; color: #000000; font-family: var( --e-global-typography-text-font-family ), Sans-serif;\">A pro ty, kte\u0159\u00ed \u0159e\u0161\u00ed deformity nohou, m\u00e1me p\u0159ipravenou kategorii zdravotn\u00ed obuvi, kter\u00e1 v\u00e1m nab\u00eddne vhodn\u00e9 \u0159e\u0161en\u00ed. S n\u00e1mi budete v\u017edy krok vep\u0159edu, proto\u017ee u n\u00e1s naleznete boty, kter\u00e9 spln\u00ed va\u0161e po\u017eadavky a p\u0159edstavy.<\/span><\/p><p><span style=\"background-color: #ffffff; color: #000000; font-family: var( --e-global-typography-text-font-family ), Sans-serif;\">V\u011b\u0159\u00edme, \u017ee na\u0161e obuv v\u00e1s oslov\u00ed sv\u00fdm designem i pohodlnost\u00ed a budeme r\u00e1di, kdy\u017e se k n\u00e1m vr\u00e1t\u00edte. D\u011bkujeme za va\u0161i n\u00e1v\u0161t\u011bvu a t\u011b\u0161\u00edme se na spole\u010dnou obchodn\u00ed cestu!<\/span><\/p><p style=\"text-align: center;\"><span style=\"background-color: #ffffff; color: #000000; font-family: var( --e-global-typography-text-font-family ), Sans-serif;\"><b>T\u00fdm AZA Import<\/b><\/span><\/p>\t\t\t\t\t\t<\/div>\n\t\t\t\t<\/div>\n\t\t\t\t\t<\/div>\n\t\t<\/div>\n\t\t\t\t\t\t\t<\/div>\n\t\t<\/section>\n\t\t\t\t\t\t\t<\/div>\n\t\t","protected":false},"excerpt":{"rendered":"<p>KONTAKTY Objevte v\u00fdjime\u010dnost brazilsk\u00e9 obuvi zna\u010dky Piccadilly a dop\u0159ejte sv\u00fdm noh\u00e1m sv\u00fdch dokonal\u00fd komfort a p\u00e9\u010di, kterou si zaslou\u017e\u00ed.\u00a0Spole\u010dnost AZA IMPORT s.r.o. m\u00e1 tu \u010dest dov\u00e1\u017eet a prod\u00e1vat zna\u010dku a produkty Piccadilly, aby v\u00e1m p\u0159inesla ty nejlep\u0161\u00ed zna\u010dky do Va\u0161ich obchod\u016f. Ucelen\u00fd katalog a nab\u00eddku spole\u010dnosti AZA Import s.r.o naleznete zde Majitel distribu\u010dn\u00ed spole\u010dnosti AZA [&hellip;]<\/p>\n","protected":false},"author":1,"featured_media":0,"parent":0,"menu_order":0,"comment_status":"closed","ping_status":"closed","template":"","meta":{"footnotes":""},"_links":{"self":[{"href":"https:\/\/piccadilly.cz\/index.php?rest_route=\/wp\/v2\/pages\/29"}],"collection":[{"href":"https:\/\/piccadilly.cz\/index.php?rest_route=\/wp\/v2\/pages"}],"about":[{"href":"https:\/\/piccadilly.cz\/index.php?rest_route=\/wp\/v2\/types\/page"}],"author":[{"embeddable":true,"href":"https:\/\/piccadilly.cz\/index.php?rest_route=\/wp\/v2\/users\/1"}],"replies":[{"embeddable":true,"href":"https:\/\/piccadilly.cz\/index.php?rest_route=%2Fwp%2Fv2%2Fcomments&post=29"}],"version-history":[{"count":70,"href":"https:\/\/piccadilly.cz\/index.php?rest_route=\/wp\/v2\/pages\/29\/revisions"}],"predecessor-version":[{"id":426,"href":"https:\/\/piccadilly.cz\/index.php?rest_route=\/wp\/v2\/pages\/29\/revisions\/426"}],"wp:attachment":[{"href":"https:\/\/piccadilly.cz\/index.php?rest_route=%2Fwp%2Fv2%2Fmedia&parent=29"}],"curies":[{"name":"wp","href":"https:\/\/api.w.org\/{rel}","templated":true}]}}