{"id":185,"date":"2023-07-31T19:43:50","date_gmt":"2023-07-31T17:43:50","guid":{"rendered":"https:\/\/wp.stepanstolz.cz\/?page_id=185"},"modified":"2024-03-09T21:45:18","modified_gmt":"2024-03-09T20:45:18","slug":"blog","status":"publish","type":"page","link":"https:\/\/piccadilly.cz\/?page_id=185","title":{"rendered":"Blog"},"content":{"rendered":"\t\t<div data-elementor-type=\"wp-page\" data-elementor-id=\"185\" class=\"elementor elementor-185\">\n\t\t\t\t\t\t\t\t\t<section class=\"elementor-section elementor-top-section elementor-element elementor-element-dd6b8c0 elementor-section-boxed elementor-section-height-default elementor-section-height-default qodef-elementor-content-no\" data-id=\"dd6b8c0\" data-element_type=\"section\">\n\t\t\t\t\t\t<div class=\"elementor-container elementor-column-gap-default\">\n\t\t\t\t\t<div class=\"elementor-column elementor-col-100 elementor-top-column elementor-element elementor-element-8051e5a\" data-id=\"8051e5a\" data-element_type=\"column\">\n\t\t\t<div class=\"elementor-widget-wrap elementor-element-populated\">\n\t\t\t\t\t\t\t\t<div class=\"elementor-element elementor-element-05d8805 elementor-widget elementor-widget-heading\" data-id=\"05d8805\" data-element_type=\"widget\" data-widget_type=\"heading.default\">\n\t\t\t\t<div class=\"elementor-widget-container\">\n\t\t\t<style>\/*! elementor - v3.14.0 - 26-06-2023 *\/\n.elementor-heading-title{padding:0;margin:0;line-height:1}.elementor-widget-heading .elementor-heading-title[class*=elementor-size-]>a{color:inherit;font-size:inherit;line-height:inherit}.elementor-widget-heading .elementor-heading-title.elementor-size-small{font-size:15px}.elementor-widget-heading .elementor-heading-title.elementor-size-medium{font-size:19px}.elementor-widget-heading .elementor-heading-title.elementor-size-large{font-size:29px}.elementor-widget-heading .elementor-heading-title.elementor-size-xl{font-size:39px}.elementor-widget-heading .elementor-heading-title.elementor-size-xxl{font-size:59px}<\/style><h2 class=\"elementor-heading-title elementor-size-default\"><span style=\"margin: 0cm; break-after: avoid; font-size: 13pt; font-family: &quot;Calibri Light&quot;, sans-serif; color: rgb(47, 84, 150); font-weight: normal; text-transform: none; white-space: normal;\"><span style=\"font-size: 28pt; font-family: Roboto; color: black; text-transform: uppercase;\">INFORMACE O FACEBOOK SOUT\u011a\u017dI V SRPNU 2023<o:p><\/o:p><\/span><\/span><\/h2>\t\t<\/div>\n\t\t\t\t<\/div>\n\t\t\t\t\t<\/div>\n\t\t<\/div>\n\t\t\t\t\t\t\t<\/div>\n\t\t<\/section>\n\t\t\t\t<section class=\"elementor-section elementor-top-section elementor-element elementor-element-a0f6d79 elementor-section-boxed elementor-section-height-default elementor-section-height-default qodef-elementor-content-no\" data-id=\"a0f6d79\" data-element_type=\"section\">\n\t\t\t\t\t\t<div class=\"elementor-container elementor-column-gap-default\">\n\t\t\t\t\t<div class=\"elementor-column elementor-col-100 elementor-top-column elementor-element elementor-element-e9af0f7\" data-id=\"e9af0f7\" data-element_type=\"column\">\n\t\t\t<div class=\"elementor-widget-wrap elementor-element-populated\">\n\t\t\t\t\t\t\t\t<div class=\"elementor-element elementor-element-f1e080f elementor-widget__width-initial elementor-widget elementor-widget-text-editor\" data-id=\"f1e080f\" data-element_type=\"widget\" data-widget_type=\"text-editor.default\">\n\t\t\t\t<div class=\"elementor-widget-container\">\n\t\t\t<style>\/*! elementor - v3.14.0 - 26-06-2023 *\/\n.elementor-widget-text-editor.elementor-drop-cap-view-stacked .elementor-drop-cap{background-color:#69727d;color:#fff}.elementor-widget-text-editor.elementor-drop-cap-view-framed .elementor-drop-cap{color:#69727d;border:3px solid;background-color:transparent}.elementor-widget-text-editor:not(.elementor-drop-cap-view-default) .elementor-drop-cap{margin-top:8px}.elementor-widget-text-editor:not(.elementor-drop-cap-view-default) .elementor-drop-cap-letter{width:1em;height:1em}.elementor-widget-text-editor .elementor-drop-cap{float:left;text-align:center;line-height:1;font-size:50px}.elementor-widget-text-editor .elementor-drop-cap-letter{display:inline-block}<\/style>\t\t\t\t<p>SOUT\u011a\u017d JE JI\u017d UKON\u010cENA<\/p><p style=\"margin: 7.5pt 0cm; font-size: medium; font-family: 'Times New Roman', serif; caret-color: #000000; color: #000000;\"><span style=\"font-family: Roboto;\">V\u00e1\u017een\u00ed sout\u011b\u017e\u00edc\u00ed,<\/span><\/p><p style=\"margin: 7.5pt 0cm; font-size: medium; font-family: 'Times New Roman', serif; color: #000000;\"><span style=\"font-family: Roboto;\">srde\u010dn\u011b v\u00e1s zveme k \u00fa\u010dasti na na\u0161ich facebookov\u00fdch str\u00e1nk\u00e1ch PICCADILLY, kde jsme pro v\u00e1s p\u0159ipravili celkem p\u011bt sout\u011b\u017e\u00ed b\u011bhem srpnov\u00e9ho m\u011bs\u00edce. Ka\u017ed\u00fd p\u00e1tek v\u00e1m d\u00e1v\u00e1me \u0161anci vyhr\u00e1t voucher na na\u0161e skv\u011bl\u00e9 boty v hodnot\u011b 2000 K\u010d, kter\u00fd bude platn\u00fd na vybran\u00fdch prodejn\u00e1ch po cel\u00e9 \u010cesk\u00e9 a Slovensk\u00e9 republice do 31.10.2023.<\/span><\/p><p style=\"margin: 7.5pt 0cm; font-size: medium; font-family: 'Times New Roman', serif; color: #000000;\"><span style=\"font-family: Roboto;\">Pro \u00fa\u010dast v sout\u011b\u017e\u00edch budete muset splnit n\u011bkolik jednoduch\u00fdch podm\u00ednek, sledovat n\u00e1\u0161 Instagramov\u00fd profil, reagovat na sout\u011b\u017en\u00ed p\u0159\u00edsp\u011bvek srd\u00ed\u010dkem a sd\u00edlet ho na sv\u00e9m facebooku. Ka\u017ed\u00e1 sout\u011b\u017e bude tak\u00e9 obsahovat speci\u00e1ln\u00ed sout\u011b\u017en\u00ed ot\u00e1zku, kter\u00e1 bude postupn\u011b obt\u00ed\u017en\u011bj\u0161\u00ed. V\u00fdherci\/v\u00fdherkyn\u011b budou vylosov\u00e1ni v pr\u016fb\u011bhu t\u00fddne a z\u00edskaj\u00ed voucher na n\u00e1kup bot PICCADILLY v hodnot\u011b 2000 K\u010d.<\/span><\/p><p style=\"margin: 7.5pt 0cm; font-size: medium; font-family: 'Times New Roman', serif; color: #000000;\"><span style=\"font-family: Roboto;\">T\u011b\u0161\u00edme se na va\u0161i \u00fa\u010dast a v\u011b\u0159\u00edme, \u017ee si sout\u011b\u017e u\u017eijete!<\/span><\/p><p style=\"margin: 7.5pt 0cm; font-size: medium; font-family: 'Times New Roman', serif; color: #000000;\"><span style=\"font-family: Roboto;\">S p\u0159\u00e1n\u00edm mnoho \u0161t\u011bst\u00ed v sout\u011b\u017een\u00ed,<\/span><\/p><p style=\"margin: 7.5pt 0cm; font-size: medium; font-family: 'Times New Roman', serif; color: #000000;\"><span style=\"font-family: Roboto;\">V\u00e1\u0161 t\u00fdm PICCADILLY<\/span><\/p><p class=\"MsoNormal\" style=\"margin: 0cm; font-size: medium; font-family: Calibri, sans-serif; caret-color: #000000; color: #000000; letter-spacing: normal;\"><span lang=\"CS\" style=\"font-family: 'Avenir Book';\">\u00a0<\/span><\/p>\t\t\t\t\t\t<\/div>\n\t\t\t\t<\/div>\n\t\t\t\t<div class=\"elementor-element elementor-element-ebc7a80 elementor-widget elementor-widget-text-editor\" data-id=\"ebc7a80\" data-element_type=\"widget\" data-widget_type=\"text-editor.default\">\n\t\t\t\t<div class=\"elementor-widget-container\">\n\t\t\t\t\t\t\t<p style=\"margin-right: 0cm; margin-left: 0cm; font-size: medium; font-family: 'Times New Roman', serif; caret-color: #000000; color: #000000;\"><b><span style=\"font-size: 16pt; font-family: Roboto; text-transform: uppercase; letter-spacing: 0.2pt; border-width: 1pt; border-color: windowtext; padding: 0cm;\">HLAVN\u00cd P\u0158EDNOSTI A VLASTNOSTI ZNA\u010cKY PICCADILLY<\/span><\/b><\/p>\t\t\t\t\t\t<\/div>\n\t\t\t\t<\/div>\n\t\t\t\t\t<\/div>\n\t\t<\/div>\n\t\t\t\t\t\t\t<\/div>\n\t\t<\/section>\n\t\t\t\t<section class=\"elementor-section elementor-top-section elementor-element elementor-element-e4a054c elementor-section-boxed elementor-section-height-default elementor-section-height-default qodef-elementor-content-no\" data-id=\"e4a054c\" data-element_type=\"section\">\n\t\t\t\t\t\t<div class=\"elementor-container elementor-column-gap-default\">\n\t\t\t\t\t<div class=\"elementor-column elementor-col-20 elementor-top-column elementor-element elementor-element-d36b360\" data-id=\"d36b360\" data-element_type=\"column\">\n\t\t\t<div class=\"elementor-widget-wrap elementor-element-populated\">\n\t\t\t\t\t\t\t\t<div class=\"elementor-element elementor-element-1c90729 elementor-widget elementor-widget-image\" data-id=\"1c90729\" data-element_type=\"widget\" data-widget_type=\"image.default\">\n\t\t\t\t<div class=\"elementor-widget-container\">\n\t\t\t<style>\/*! elementor - v3.14.0 - 26-06-2023 *\/\n.elementor-widget-image{text-align:center}.elementor-widget-image a{display:inline-block}.elementor-widget-image a img[src$=\".svg\"]{width:48px}.elementor-widget-image img{vertical-align:middle;display:inline-block}<\/style>\t\t\t\t\t\t\t\t\t\t\t\t<img loading=\"lazy\" decoding=\"async\" width=\"300\" height=\"300\" src=\"https:\/\/piccadilly.cz\/wp-content\/uploads\/2023\/08\/piccadilly-prizpusobi.png\" class=\"attachment-medium size-medium wp-image-241\" alt=\"\" srcset=\"https:\/\/piccadilly.cz\/wp-content\/uploads\/2023\/08\/piccadilly-prizpusobi.png 300w, https:\/\/piccadilly.cz\/wp-content\/uploads\/2023\/08\/piccadilly-prizpusobi-150x150.png 150w\" sizes=\"(max-width: 300px) 100vw, 300px\" \/>\t\t\t\t\t\t\t\t\t\t\t\t\t\t\t<\/div>\n\t\t\t\t<\/div>\n\t\t\t\t\t<\/div>\n\t\t<\/div>\n\t\t\t\t<div class=\"elementor-column elementor-col-20 elementor-top-column elementor-element elementor-element-46777ca\" data-id=\"46777ca\" data-element_type=\"column\">\n\t\t\t<div class=\"elementor-widget-wrap elementor-element-populated\">\n\t\t\t\t\t\t\t\t<div class=\"elementor-element elementor-element-edbe03c elementor-widget elementor-widget-image\" data-id=\"edbe03c\" data-element_type=\"widget\" data-widget_type=\"image.default\">\n\t\t\t\t<div class=\"elementor-widget-container\">\n\t\t\t\t\t\t\t\t\t\t\t\t\t\t\t<img loading=\"lazy\" decoding=\"async\" width=\"300\" height=\"300\" src=\"https:\/\/piccadilly.cz\/wp-content\/uploads\/2023\/08\/piccadilly-pohodli.png\" class=\"attachment-medium size-medium wp-image-240\" alt=\"\" srcset=\"https:\/\/piccadilly.cz\/wp-content\/uploads\/2023\/08\/piccadilly-pohodli.png 300w, https:\/\/piccadilly.cz\/wp-content\/uploads\/2023\/08\/piccadilly-pohodli-150x150.png 150w\" sizes=\"(max-width: 300px) 100vw, 300px\" \/>\t\t\t\t\t\t\t\t\t\t\t\t\t\t\t<\/div>\n\t\t\t\t<\/div>\n\t\t\t\t\t<\/div>\n\t\t<\/div>\n\t\t\t\t<div class=\"elementor-column elementor-col-20 elementor-top-column elementor-element elementor-element-67b1a08\" data-id=\"67b1a08\" data-element_type=\"column\">\n\t\t\t<div class=\"elementor-widget-wrap elementor-element-populated\">\n\t\t\t\t\t\t\t\t<div class=\"elementor-element elementor-element-34eed91 elementor-widget elementor-widget-image\" data-id=\"34eed91\" data-element_type=\"widget\" data-widget_type=\"image.default\">\n\t\t\t\t<div class=\"elementor-widget-container\">\n\t\t\t\t\t\t\t\t\t\t\t\t\t\t\t<img loading=\"lazy\" decoding=\"async\" width=\"300\" height=\"300\" src=\"https:\/\/piccadilly.cz\/wp-content\/uploads\/2023\/08\/piccadilly-lehkost.png\" class=\"attachment-medium size-medium wp-image-239\" alt=\"\" srcset=\"https:\/\/piccadilly.cz\/wp-content\/uploads\/2023\/08\/piccadilly-lehkost.png 300w, https:\/\/piccadilly.cz\/wp-content\/uploads\/2023\/08\/piccadilly-lehkost-150x150.png 150w\" sizes=\"(max-width: 300px) 100vw, 300px\" \/>\t\t\t\t\t\t\t\t\t\t\t\t\t\t\t<\/div>\n\t\t\t\t<\/div>\n\t\t\t\t\t<\/div>\n\t\t<\/div>\n\t\t\t\t<div class=\"elementor-column elementor-col-20 elementor-top-column elementor-element elementor-element-3150fbe\" data-id=\"3150fbe\" data-element_type=\"column\">\n\t\t\t<div class=\"elementor-widget-wrap elementor-element-populated\">\n\t\t\t\t\t\t\t\t<div class=\"elementor-element elementor-element-24495d2 elementor-widget elementor-widget-image\" data-id=\"24495d2\" data-element_type=\"widget\" data-widget_type=\"image.default\">\n\t\t\t\t<div class=\"elementor-widget-container\">\n\t\t\t\t\t\t\t\t\t\t\t\t\t\t\t<img loading=\"lazy\" decoding=\"async\" width=\"300\" height=\"300\" src=\"https:\/\/piccadilly.cz\/wp-content\/uploads\/2023\/08\/piccadilly-konstrukce.png\" class=\"attachment-large size-large wp-image-238\" alt=\"\" srcset=\"https:\/\/piccadilly.cz\/wp-content\/uploads\/2023\/08\/piccadilly-konstrukce.png 300w, https:\/\/piccadilly.cz\/wp-content\/uploads\/2023\/08\/piccadilly-konstrukce-150x150.png 150w\" sizes=\"(max-width: 300px) 100vw, 300px\" \/>\t\t\t\t\t\t\t\t\t\t\t\t\t\t\t<\/div>\n\t\t\t\t<\/div>\n\t\t\t\t\t<\/div>\n\t\t<\/div>\n\t\t\t\t<div class=\"elementor-column elementor-col-20 elementor-top-column elementor-element elementor-element-f1367ca\" data-id=\"f1367ca\" data-element_type=\"column\">\n\t\t\t<div class=\"elementor-widget-wrap elementor-element-populated\">\n\t\t\t\t\t\t\t\t<div class=\"elementor-element elementor-element-551f06d elementor-widget elementor-widget-image\" data-id=\"551f06d\" data-element_type=\"widget\" data-widget_type=\"image.default\">\n\t\t\t\t<div class=\"elementor-widget-container\">\n\t\t\t\t\t\t\t\t\t\t\t\t\t\t\t<img loading=\"lazy\" decoding=\"async\" width=\"300\" height=\"300\" src=\"https:\/\/piccadilly.cz\/wp-content\/uploads\/2023\/08\/piccadilly-absorbce.png\" class=\"attachment-large size-large wp-image-237\" alt=\"\" srcset=\"https:\/\/piccadilly.cz\/wp-content\/uploads\/2023\/08\/piccadilly-absorbce.png 300w, https:\/\/piccadilly.cz\/wp-content\/uploads\/2023\/08\/piccadilly-absorbce-150x150.png 150w\" sizes=\"(max-width: 300px) 100vw, 300px\" \/>\t\t\t\t\t\t\t\t\t\t\t\t\t\t\t<\/div>\n\t\t\t\t<\/div>\n\t\t\t\t\t<\/div>\n\t\t<\/div>\n\t\t\t\t\t\t\t<\/div>\n\t\t<\/section>\n\t\t\t\t<section class=\"elementor-section elementor-top-section elementor-element elementor-element-d22dcf3 elementor-section-boxed elementor-section-height-default elementor-section-height-default qodef-elementor-content-no\" data-id=\"d22dcf3\" data-element_type=\"section\">\n\t\t\t\t\t\t<div class=\"elementor-container elementor-column-gap-default\">\n\t\t\t\t\t<div class=\"elementor-column elementor-col-50 elementor-top-column elementor-element elementor-element-118a601\" data-id=\"118a601\" data-element_type=\"column\">\n\t\t\t<div class=\"elementor-widget-wrap elementor-element-populated\">\n\t\t\t\t\t\t\t\t<div class=\"elementor-element elementor-element-9f5b88c elementor-view-default elementor-widget elementor-widget-icon\" data-id=\"9f5b88c\" data-element_type=\"widget\" data-widget_type=\"icon.default\">\n\t\t\t\t<div class=\"elementor-widget-container\">\n\t\t\t\t\t<div class=\"elementor-icon-wrapper\">\n\t\t\t<a class=\"elementor-icon\" href=\"https:\/\/www.facebook.com\/PiccadillyCesko\" target=\"_blank\">\n\t\t\t<i aria-hidden=\"true\" class=\"fab fa-facebook-square\"><\/i>\t\t\t<\/a>\n\t\t<\/div>\n\t\t\t\t<\/div>\n\t\t\t\t<\/div>\n\t\t\t\t\t<\/div>\n\t\t<\/div>\n\t\t\t\t<div class=\"elementor-column elementor-col-50 elementor-top-column elementor-element elementor-element-c750201\" data-id=\"c750201\" data-element_type=\"column\">\n\t\t\t<div class=\"elementor-widget-wrap elementor-element-populated\">\n\t\t\t\t\t\t\t\t<div class=\"elementor-element elementor-element-a013e45 elementor-view-default elementor-widget elementor-widget-icon\" data-id=\"a013e45\" data-element_type=\"widget\" data-widget_type=\"icon.default\">\n\t\t\t\t<div class=\"elementor-widget-container\">\n\t\t\t\t\t<div class=\"elementor-icon-wrapper\">\n\t\t\t<a class=\"elementor-icon\" href=\"https:\/\/www.instagram.com\/piccadilly.cesko\" target=\"_blank\">\n\t\t\t<i aria-hidden=\"true\" class=\"fab fa-instagram\"><\/i>\t\t\t<\/a>\n\t\t<\/div>\n\t\t\t\t<\/div>\n\t\t\t\t<\/div>\n\t\t\t\t\t<\/div>\n\t\t<\/div>\n\t\t\t\t\t\t\t<\/div>\n\t\t<\/section>\n\t\t\t\t\t\t\t<\/div>\n\t\t","protected":false},"excerpt":{"rendered":"<p>INFORMACE O FACEBOOK SOUT\u011a\u017dI V SRPNU 2023 SOUT\u011a\u017d JE JI\u017d UKON\u010cENA V\u00e1\u017een\u00ed sout\u011b\u017e\u00edc\u00ed, srde\u010dn\u011b v\u00e1s zveme k \u00fa\u010dasti na na\u0161ich facebookov\u00fdch str\u00e1nk\u00e1ch PICCADILLY, kde jsme pro v\u00e1s p\u0159ipravili celkem p\u011bt sout\u011b\u017e\u00ed b\u011bhem srpnov\u00e9ho m\u011bs\u00edce. Ka\u017ed\u00fd p\u00e1tek v\u00e1m d\u00e1v\u00e1me \u0161anci vyhr\u00e1t voucher na na\u0161e skv\u011bl\u00e9 boty v hodnot\u011b 2000 K\u010d, kter\u00fd bude platn\u00fd na vybran\u00fdch prodejn\u00e1ch [&hellip;]<\/p>\n","protected":false},"author":1,"featured_media":0,"parent":0,"menu_order":0,"comment_status":"closed","ping_status":"closed","template":"page-full-width.php","meta":{"footnotes":""},"_links":{"self":[{"href":"https:\/\/piccadilly.cz\/index.php?rest_route=\/wp\/v2\/pages\/185"}],"collection":[{"href":"https:\/\/piccadilly.cz\/index.php?rest_route=\/wp\/v2\/pages"}],"about":[{"href":"https:\/\/piccadilly.cz\/index.php?rest_route=\/wp\/v2\/types\/page"}],"author":[{"embeddable":true,"href":"https:\/\/piccadilly.cz\/index.php?rest_route=\/wp\/v2\/users\/1"}],"replies":[{"embeddable":true,"href":"https:\/\/piccadilly.cz\/index.php?rest_route=%2Fwp%2Fv2%2Fcomments&post=185"}],"version-history":[{"count":35,"href":"https:\/\/piccadilly.cz\/index.php?rest_route=\/wp\/v2\/pages\/185\/revisions"}],"predecessor-version":[{"id":417,"href":"https:\/\/piccadilly.cz\/index.php?rest_route=\/wp\/v2\/pages\/185\/revisions\/417"}],"wp:attachment":[{"href":"https:\/\/piccadilly.cz\/index.php?rest_route=%2Fwp%2Fv2%2Fmedia&parent=185"}],"curies":[{"name":"wp","href":"https:\/\/api.w.org\/{rel}","templated":true}]}}